{"id":9,"date":"2020-01-07T22:04:49","date_gmt":"2020-01-07T21:04:49","guid":{"rendered":"http:\/\/prochaindefi.com\/?page_id=9"},"modified":"2022-04-20T14:13:41","modified_gmt":"2022-04-20T12:13:41","slug":"a-propos-de","status":"publish","type":"page","link":"https:\/\/prochaindefi.com\/index.php\/a-propos-de\/","title":{"rendered":"Le Prochain D\u00e9fi, c&#8217;est quoi au juste ?"},"content":{"rendered":"<p><a href=\"https:\/\/www.facebook.com\/prochaindefi\" target=\"_blank\" rel=\"noopener noreferrer\">Le Prochain D\u00e9fi<\/a> c\u2019est une initiative solidaire imagin\u00e9e au d\u00e9part avec un <a href=\"https:\/\/prochaindefi.com\/index.php\/blog\/\">groupe d\u2019amis<\/a> r\u00e9partis aux 4 coins du monde. Alors que, pour certains, nous ne nous \u00e9tions pas revus depuis plus de 20 ans, nous avions vraiment envie de nous retrouver et de conjuguer amiti\u00e9 avec solidarit\u00e9. Travaillant pour <a href=\"https:\/\/hi-canada.org\/fr\/\" target=\"_blank\" rel=\"noopener noreferrer\">Handicap International<\/a> \u00e0 l&#8217;\u00e9poque, <a href=\"https:\/\/prochaindefi.com\/index.php\/2020\/01\/09\/christophe-masson\/\">Christophe<\/a> (l&#8217;\u00e9tincelle de cette initiative)\u00a0 \u00e9tait bien plac\u00e9 pour proposer une cause qui ferait sens et o\u00f9 les besoins \u00e9taient criants : celle de la <a href=\"https:\/\/prochaindefi.com\/\">scolarisation des enfants en situation de handicap<\/a> dans les pays en voie de d\u00e9veloppement. Nous avons collect\u00e9 pr\u00e8s de 8000 $ CAD aupr\u00e8s de 88 donateurs dans pr\u00e8s de 15 pays ! Superbe perf&#8217; pour une premi\u00e8re, n&#8217;est ce pas ? \ud83d\ude42 La seconde dans les Vosges au profit des enfants autistes nous a permis de collecter 6500 euros ce qui, encore une fois, nous a surpris et fait chaud au coeur.<\/p>\n<p><img loading=\"lazy\" decoding=\"async\" class=\"aligncenter  wp-image-3613\" src=\"https:\/\/i0.wp.com\/www.gr20-blog.com\/wp-content\/uploads\/2019\/12\/Christophe-et-ses-amis.jpg?resize=530%2C303&amp;ssl=1\" sizes=\"auto, (max-width: 530px) 100vw, 530px\" srcset=\"https:\/\/i0.wp.com\/www.gr20-blog.com\/wp-content\/uploads\/2019\/12\/Christophe-et-ses-amis.jpg?resize=1024%2C586&amp;ssl=1 1024w, https:\/\/i0.wp.com\/www.gr20-blog.com\/wp-content\/uploads\/2019\/12\/Christophe-et-ses-amis.jpg?resize=300%2C172&amp;ssl=1 300w, https:\/\/i0.wp.com\/www.gr20-blog.com\/wp-content\/uploads\/2019\/12\/Christophe-et-ses-amis.jpg?resize=768%2C440&amp;ssl=1 768w, https:\/\/i0.wp.com\/www.gr20-blog.com\/wp-content\/uploads\/2019\/12\/Christophe-et-ses-amis.jpg?w=1280&amp;ssl=1 1280w\" alt=\"Christophe et ses amis\" width=\"643\" height=\"368\" data-recalc-dims=\"1\" \/><\/p>\n<p>Le Prochain D\u00e9fi n\u2019est pas encore constitu\u00e9e en association \u00e0 but non lucratif (faute de temps, soyons clairs) mais c&#8217;est une possibilit\u00e9 de plus en plus probable voire souhaitable. Cette initiative solidaire a en effet \u00e9t\u00e9 pens\u00e9e pour que les outils digitaux cr\u00e9\u00e9s pour l\u2019occasion (site internet (refait \u00e0 neuf) et r\u00e9seaux sociaux notamment) puissent demain s\u2019ouvrir \u00e0 d\u2019autres initiatives sportives du m\u00eame genre et dans le m\u00eame esprit de philanthropie. \u00a0<a href=\"https:\/\/prochaindefi.com\/index.php\/2020\/01\/09\/samuel-weil\/\">Samuel<\/a> a repris le flambeau de la coordination pour 2022 avec une \u00e9dition portugaise. Apr\u00e8s la pluie vosgienne, place au soleil du sud de l&#8217;Europe ! (on l&#8217;a bien m\u00e9rit\u00e9 car 2021 fut particuli\u00e8rement arros\u00e9)<\/p>\n<p>Apr\u00e8s le <a href=\"https:\/\/prochaindefi.com\/index.php\/2020\/01\/08\/elementor-57\/\">GR20<\/a> donc, et apr\u00e8s une parenth\u00e8se COVID impos\u00e9e, nous sommes repartis \u00e0 l&#8217;assaut des cr\u00eates des Vosges sur un circuit de 130 km en 2021 et<strong> nous dirigeons vers le Portugal en juillet 2022 pur 160 km sur la Costa Vicentina<\/strong> ! Plus rien ne nous fait peur (enfin presque ;-)) et le groupe se mobilisera avec la m\u00eame ferveur pour la cause de l&#8217;inclusion.<\/p>\n<p>Comme \u00e9voqu\u00e9 plus haut, il y a r\u00e9ellement une volont\u00e9 d\u2019ouvrir de mani\u00e8re plus large pour que chacun-e puisse aussi penser son propre d\u00e9fi en b\u00e9n\u00e9ficiant de la visibilit\u00e9 de nos outils de collecte et de communication pour la cause de son choix, si tant est qu\u2019elle ait bien entendu un impact social av\u00e9r\u00e9. La connaissance se multiplie quand elle se partage, nous savons qu\u2019il en est de m\u00eame pour la g\u00e9n\u00e9rosit\u00e9. C&#8217;est pourquoi nous avons \u00e9crit une CHARTE qui pr\u00e9cise l&#8217;objet,\u00a0 les valeurs d\u00e9fendues par la Team et vous donne la possibilit\u00e9 de rejoindre la dynamique collective en montant votre propre PROCHAIN DEFI. Oui oui vous avez bien lu !<\/p>\n<p>Le mantra du Prochain D\u00e9fi est \u00e0 lui seule une invitation \u00e0 l\u2019action :\u00a0<strong>la seule diff\u00e9rence entre qui on est et qui on veut devenir est ce que l\u2019on fait<\/strong>.<\/p>\n<p>Alors on fait cette diff\u00e9rence tous ensemble ? GO !!!!!!!!!!!!!!!!!!<\/p>\n","protected":false},"excerpt":{"rendered":"<p>Le Prochain D\u00e9fi c\u2019est une initiative solidaire imagin\u00e9e au d\u00e9part avec un groupe d\u2019amis r\u00e9partis aux 4 coins du monde. Alors que, pour certains, nous ne nous \u00e9tions pas revus depuis plus de 20 ans, nous avions vraiment envie de nous retrouver et de conjuguer amiti\u00e9 avec solidarit\u00e9. Travaillant pour Handicap International \u00e0 l&#8217;\u00e9poque, Christophe &hellip; <\/p>\n<p class=\"link-more\"><a href=\"https:\/\/prochaindefi.com\/index.php\/a-propos-de\/\" class=\"more-link\">Continue reading<span class=\"screen-reader-text\"> &#8220;Le Prochain D\u00e9fi, c&#8217;est quoi au juste ?&#8221;<\/span><\/a><\/p>\n","protected":false},"author":1,"featured_media":0,"parent":0,"menu_order":0,"comment_status":"open","ping_status":"closed","template":"","meta":{"footnotes":""},"class_list":["post-9","page","type-page","status-publish","hentry"],"yoast_head":"<!-- This site is optimized with the Yoast SEO plugin v27.4 - https:\/\/yoast.com\/product\/yoast-seo-wordpress\/ -->\n<title>Le Prochain D\u00e9fi, c&#039;est quoi au juste ? - Le Prochain D\u00e9fi<\/title>\n<meta name=\"robots\" content=\"index, follow, max-snippet:-1, max-image-preview:large, max-video-preview:-1\" \/>\n<link rel=\"canonical\" href=\"https:\/\/prochaindefi.com\/index.php\/a-propos-de\/\" \/>\n<meta property=\"og:locale\" content=\"en_US\" \/>\n<meta property=\"og:type\" content=\"article\" \/>\n<meta property=\"og:title\" content=\"Le Prochain D\u00e9fi, c&#039;est quoi au juste ? - Le Prochain D\u00e9fi\" \/>\n<meta property=\"og:description\" content=\"Le Prochain D\u00e9fi c\u2019est une initiative solidaire imagin\u00e9e au d\u00e9part avec un groupe d\u2019amis r\u00e9partis aux 4 coins du monde. Alors que, pour certains, nous ne nous \u00e9tions pas revus depuis plus de 20 ans, nous avions vraiment envie de nous retrouver et de conjuguer amiti\u00e9 avec solidarit\u00e9. Travaillant pour Handicap International \u00e0 l&#8217;\u00e9poque, Christophe &hellip; Continue reading &quot;Le Prochain D\u00e9fi, c&#8217;est quoi au juste ?&quot;\" \/>\n<meta property=\"og:url\" content=\"https:\/\/prochaindefi.com\/index.php\/a-propos-de\/\" \/>\n<meta property=\"og:site_name\" content=\"Le Prochain D\u00e9fi\" \/>\n<meta property=\"article:modified_time\" content=\"2022-04-20T12:13:41+00:00\" \/>\n<meta property=\"og:image\" content=\"https:\/\/i0.wp.com\/www.gr20-blog.com\/wp-content\/uploads\/2019\/12\/Christophe-et-ses-amis.jpg?resize=530%2C303&amp;ssl=1\" \/>\n<meta name=\"twitter:card\" content=\"summary_large_image\" \/>\n<meta name=\"twitter:label1\" content=\"Est. reading time\" \/>\n\t<meta name=\"twitter:data1\" content=\"3 minutes\" \/>\n<script type=\"application\/ld+json\" class=\"yoast-schema-graph\">{\"@context\":\"https:\\\/\\\/schema.org\",\"@graph\":[{\"@type\":\"WebPage\",\"@id\":\"https:\\\/\\\/prochaindefi.com\\\/index.php\\\/a-propos-de\\\/\",\"url\":\"https:\\\/\\\/prochaindefi.com\\\/index.php\\\/a-propos-de\\\/\",\"name\":\"Le Prochain D\u00e9fi, c'est quoi au juste ? - Le Prochain D\u00e9fi\",\"isPartOf\":{\"@id\":\"https:\\\/\\\/prochaindefi.com\\\/#website\"},\"primaryImageOfPage\":{\"@id\":\"https:\\\/\\\/prochaindefi.com\\\/index.php\\\/a-propos-de\\\/#primaryimage\"},\"image\":{\"@id\":\"https:\\\/\\\/prochaindefi.com\\\/index.php\\\/a-propos-de\\\/#primaryimage\"},\"thumbnailUrl\":\"https:\\\/\\\/i0.wp.com\\\/www.gr20-blog.com\\\/wp-content\\\/uploads\\\/2019\\\/12\\\/Christophe-et-ses-amis.jpg?resize=530%2C303&amp;ssl=1\",\"datePublished\":\"2020-01-07T21:04:49+00:00\",\"dateModified\":\"2022-04-20T12:13:41+00:00\",\"breadcrumb\":{\"@id\":\"https:\\\/\\\/prochaindefi.com\\\/index.php\\\/a-propos-de\\\/#breadcrumb\"},\"inLanguage\":\"en-US\",\"potentialAction\":[{\"@type\":\"ReadAction\",\"target\":[\"https:\\\/\\\/prochaindefi.com\\\/index.php\\\/a-propos-de\\\/\"]}]},{\"@type\":\"ImageObject\",\"inLanguage\":\"en-US\",\"@id\":\"https:\\\/\\\/prochaindefi.com\\\/index.php\\\/a-propos-de\\\/#primaryimage\",\"url\":\"https:\\\/\\\/i0.wp.com\\\/www.gr20-blog.com\\\/wp-content\\\/uploads\\\/2019\\\/12\\\/Christophe-et-ses-amis.jpg?resize=530%2C303&amp;ssl=1\",\"contentUrl\":\"https:\\\/\\\/i0.wp.com\\\/www.gr20-blog.com\\\/wp-content\\\/uploads\\\/2019\\\/12\\\/Christophe-et-ses-amis.jpg?resize=530%2C303&amp;ssl=1\"},{\"@type\":\"BreadcrumbList\",\"@id\":\"https:\\\/\\\/prochaindefi.com\\\/index.php\\\/a-propos-de\\\/#breadcrumb\",\"itemListElement\":[{\"@type\":\"ListItem\",\"position\":1,\"name\":\"Accueil\",\"item\":\"https:\\\/\\\/prochaindefi.com\\\/\"},{\"@type\":\"ListItem\",\"position\":2,\"name\":\"Le Prochain D\u00e9fi, c&#8217;est quoi au juste ?\"}]},{\"@type\":\"WebSite\",\"@id\":\"https:\\\/\\\/prochaindefi.com\\\/#website\",\"url\":\"https:\\\/\\\/prochaindefi.com\\\/\",\"name\":\"Le Prochain D\u00e9fi\",\"description\":\"Une aventure sportive et solidaire  in\u00e9dite.\",\"potentialAction\":[{\"@type\":\"SearchAction\",\"target\":{\"@type\":\"EntryPoint\",\"urlTemplate\":\"https:\\\/\\\/prochaindefi.com\\\/?s={search_term_string}\"},\"query-input\":{\"@type\":\"PropertyValueSpecification\",\"valueRequired\":true,\"valueName\":\"search_term_string\"}}],\"inLanguage\":\"en-US\"}]}<\/script>\n<!-- \/ Yoast SEO plugin. -->","yoast_head_json":{"title":"Le Prochain D\u00e9fi, c'est quoi au juste ? - Le Prochain D\u00e9fi","robots":{"index":"index","follow":"follow","max-snippet":"max-snippet:-1","max-image-preview":"max-image-preview:large","max-video-preview":"max-video-preview:-1"},"canonical":"https:\/\/prochaindefi.com\/index.php\/a-propos-de\/","og_locale":"en_US","og_type":"article","og_title":"Le Prochain D\u00e9fi, c'est quoi au juste ? - Le Prochain D\u00e9fi","og_description":"Le Prochain D\u00e9fi c\u2019est une initiative solidaire imagin\u00e9e au d\u00e9part avec un groupe d\u2019amis r\u00e9partis aux 4 coins du monde. Alors que, pour certains, nous ne nous \u00e9tions pas revus depuis plus de 20 ans, nous avions vraiment envie de nous retrouver et de conjuguer amiti\u00e9 avec solidarit\u00e9. Travaillant pour Handicap International \u00e0 l&#8217;\u00e9poque, Christophe &hellip; Continue reading \"Le Prochain D\u00e9fi, c&#8217;est quoi au juste ?\"","og_url":"https:\/\/prochaindefi.com\/index.php\/a-propos-de\/","og_site_name":"Le Prochain D\u00e9fi","article_modified_time":"2022-04-20T12:13:41+00:00","og_image":[{"url":"https:\/\/i0.wp.com\/www.gr20-blog.com\/wp-content\/uploads\/2019\/12\/Christophe-et-ses-amis.jpg?resize=530%2C303&amp;ssl=1","type":"","width":"","height":""}],"twitter_card":"summary_large_image","twitter_misc":{"Est. reading time":"3 minutes"},"schema":{"@context":"https:\/\/schema.org","@graph":[{"@type":"WebPage","@id":"https:\/\/prochaindefi.com\/index.php\/a-propos-de\/","url":"https:\/\/prochaindefi.com\/index.php\/a-propos-de\/","name":"Le Prochain D\u00e9fi, c'est quoi au juste ? - Le Prochain D\u00e9fi","isPartOf":{"@id":"https:\/\/prochaindefi.com\/#website"},"primaryImageOfPage":{"@id":"https:\/\/prochaindefi.com\/index.php\/a-propos-de\/#primaryimage"},"image":{"@id":"https:\/\/prochaindefi.com\/index.php\/a-propos-de\/#primaryimage"},"thumbnailUrl":"https:\/\/i0.wp.com\/www.gr20-blog.com\/wp-content\/uploads\/2019\/12\/Christophe-et-ses-amis.jpg?resize=530%2C303&amp;ssl=1","datePublished":"2020-01-07T21:04:49+00:00","dateModified":"2022-04-20T12:13:41+00:00","breadcrumb":{"@id":"https:\/\/prochaindefi.com\/index.php\/a-propos-de\/#breadcrumb"},"inLanguage":"en-US","potentialAction":[{"@type":"ReadAction","target":["https:\/\/prochaindefi.com\/index.php\/a-propos-de\/"]}]},{"@type":"ImageObject","inLanguage":"en-US","@id":"https:\/\/prochaindefi.com\/index.php\/a-propos-de\/#primaryimage","url":"https:\/\/i0.wp.com\/www.gr20-blog.com\/wp-content\/uploads\/2019\/12\/Christophe-et-ses-amis.jpg?resize=530%2C303&amp;ssl=1","contentUrl":"https:\/\/i0.wp.com\/www.gr20-blog.com\/wp-content\/uploads\/2019\/12\/Christophe-et-ses-amis.jpg?resize=530%2C303&amp;ssl=1"},{"@type":"BreadcrumbList","@id":"https:\/\/prochaindefi.com\/index.php\/a-propos-de\/#breadcrumb","itemListElement":[{"@type":"ListItem","position":1,"name":"Accueil","item":"https:\/\/prochaindefi.com\/"},{"@type":"ListItem","position":2,"name":"Le Prochain D\u00e9fi, c&#8217;est quoi au juste ?"}]},{"@type":"WebSite","@id":"https:\/\/prochaindefi.com\/#website","url":"https:\/\/prochaindefi.com\/","name":"Le Prochain D\u00e9fi","description":"Une aventure sportive et solidaire  in\u00e9dite.","potentialAction":[{"@type":"SearchAction","target":{"@type":"EntryPoint","urlTemplate":"https:\/\/prochaindefi.com\/?s={search_term_string}"},"query-input":{"@type":"PropertyValueSpecification","valueRequired":true,"valueName":"search_term_string"}}],"inLanguage":"en-US"}]}},"jetpack_sharing_enabled":true,"_links":{"self":[{"href":"https:\/\/prochaindefi.com\/index.php\/wp-json\/wp\/v2\/pages\/9","targetHints":{"allow":["GET"]}}],"collection":[{"href":"https:\/\/prochaindefi.com\/index.php\/wp-json\/wp\/v2\/pages"}],"about":[{"href":"https:\/\/prochaindefi.com\/index.php\/wp-json\/wp\/v2\/types\/page"}],"author":[{"embeddable":true,"href":"https:\/\/prochaindefi.com\/index.php\/wp-json\/wp\/v2\/users\/1"}],"replies":[{"embeddable":true,"href":"https:\/\/prochaindefi.com\/index.php\/wp-json\/wp\/v2\/comments?post=9"}],"version-history":[{"count":8,"href":"https:\/\/prochaindefi.com\/index.php\/wp-json\/wp\/v2\/pages\/9\/revisions"}],"predecessor-version":[{"id":524,"href":"https:\/\/prochaindefi.com\/index.php\/wp-json\/wp\/v2\/pages\/9\/revisions\/524"}],"wp:attachment":[{"href":"https:\/\/prochaindefi.com\/index.php\/wp-json\/wp\/v2\/media?parent=9"}],"curies":[{"name":"wp","href":"https:\/\/api.w.org\/{rel}","templated":true}]}}